hat is 16ab825a5 + -5?
16ab825a0
In base 9, what is -14177 - 3558?
-17746
In base 4, what is 13 - 202330211?
-202330132
In base 15, what is -4d9752 - -7?
-4d974a
In base 10, what is -20 + -6912285?
-6912305
In base 11, what is -162 - -1aa963?
1aa801
In base 16, what is 6c62ef1 - 4?
6c62eed
In base 13, what is a + 1002188?
1002195
In base 4, what is -11 + 11311012220?
11311012203
In base 12, what is -149246 + 28a?
-148b78
In base 8, what is 2 - 325064013?
-325064011
In base 5, what is -30 - -10131134?
10131104
In base 13, what is 1a7a5a5 - -1?
1a7a5a6
In base 5, what is -24014232 - -3?
-24014224
In base 12, what is -182 + -13aa61?
-13b023
In base 7, what is -13140 + -11141?
-24311
In base 2, what is 1001000110111 - -1000011?
1001001111010
In base 3, what is 202011021111 - 1112002?
202002202102
In base 14, what is -48a32 + -2?
-48a34
In base 10, what is -2884187 - 9?
-2884196
In base 16, what is -1ad2ac2 - 26?
-1ad2ae8
In base 13, what is -144 - -22b?
b7
In base 4, what is 1030131302 - -22?
1030131330
In base 2, what is 10010 - 100001110111001100011?
-100001110111001010001
In base 8, what is 71432206 - 12?
71432174
In base 6, what is -10312111 + 15205?
-10252502
In base 2, what is -1001001110101010 - 1101001?
-1001010000010011
In base 15, what is -467920 - 4?
-467924
In base 8, what is -62 + 116725?
116643
In base 11, what is 44943832 - -3?
44943835
In base 14, what is -c60a41 + -19?
-c60a5a
In base 3, what is -2110100112201222 - 12?
-2110100112202011
In base 9, what is 0 + -250442622?
-250442622
In base 15, what is 611a8 + 146?
612ee
In base 9, what is -16300 - -113?
-16176
In base 6, what is 325 + 4420021?
4420350
In base 10, what is -1 + -1713545?
-1713546
In base 4, what is 20200002 - -11103?
20211111
In base 6, what is 24315031 - 0?
24315031
In base 8, what is -243056376 + -1?
-243056377
In base 16, what is -123 + -748?
-86b
In base 16, what is -13109f + f1?
-130fae
In base 10, what is 312 - -3580220?
3580532
In base 10, what is 101576865 - -5?
101576870
In base 7, what is -3202 + 1135032?
1131530
In base 11, what is 12 - 164039a8?
-16403996
In base 9, what is -6 + -46168020?
-46168026
In base 7, what is 1061060346 - -1?
1061060350
In base 10, what is 1 - 123911390?
-123911389
In base 9, what is -730855353 - 0?
-730855353
In base 15, what is -46b338 + 1c?
-46b31b
In base 16, what is -9439768 + 1?
-9439767
In base 4, what is 22331123211 - -3?
22331123220
In base 10, what is 5011144 - -29?
5011173
In base 8, what is 2556467 + -4?
2556463
In base 16, what is 362 + -154?
20e
In base 12, what is bb12 + -175?
b959
In base 2, what is 110101011111011101101101100 - 1?
110101011111011101101101011
In base 7, what is -262 - 15335310?
-15335602
In base 11, what is 480a - -4069?
8878
In base 11, what is -774135a - 4?
-7741363
In base 13, what is -cc - -2111b?
2101c
In base 6, what is 23542245 + -20?
23542225
In base 9, what is 853 + -8312?
-7348
In base 6, what is -1253101 - -153?
-1252504
In base 2, what is -100 - -101101011100100100011?
101101011100100011111
In base 2, what is -1000011000100 + 10010001111100?
1001110111000
In base 4, what is -200 + -10321331210?
-10321332010
In base 9, what is 258313 + -6?
258306
In base 9, what is -12 - -4047801?
4047778
In base 5, what is -411113103 - -1120?
-411111433
In base 10, what is -2 + 732805?
732803
In base 4, what is 1322332301300 + 10?
1322332301310
In base 12, what is 592 + 1b87b?
20251
In base 13, what is 106b - -a158?
b1c6
In base 14, what is -206ac - -112d?
-1d57d
In base 9, what is 5 - -71528314?
71528320
In base 16, what is -5 + -7bfa65?
-7bfa6a
In base 4, what is 21103 - 12002230?
-11321121
In base 8, what is 21413266 - -3?
21413271
In base 7, what is 14001 - 23451?
-6450
In base 15, what is -1318400 + 4?
-13183eb
In base 9, what is -723 - 145218?
-146042
In base 4, what is 0 - 2311110133?
-2311110133
In base 6, what is 134221454232 - -3?
134221454235
In base 10, what is -32750062 - 2?
-32750064
In base 4, what is 130132 + -1200301?
-1010103
In base 6, what is 1003 + 30001?
31004
In base 13, what is -1ac45ba9 - -3?
-1ac45ba6
In base 14, what is 83d5 + 128b9?
1acb0
In base 14, what is 5cc8 - -5b8?
64a2
In base 12, what is -18a + 108b2?
10724
In base 13, what is 21 - -3547b74?
3547b95
In base 5, what is 1140124432 - 31?
1140124401
In base 4, what is -213111222112 - 10?
-213111222122
In base 16, what is -19 + 8a76bd?
8a76a4
In base 11, what is 4362a44 - a5?
436294a
In base 14, what is 11 + -9b802?
-9b7d1
In base 4, what is -20331 + 22102020332?
22102000001
In base 3, what is 202 + -121221101?
-121220122
In base 9, what is -1745 + -62762?
-64617
In base 6, what is 5235145 + -34?
5235111
In base 5, what is 2011203 + 232?
2011440
In base 9, what is -3273 - 60423?
-63706
In base 14, what is 52332b38 - 2?
52332b36
In base 13, what is -41a5 + -2719?
-68c1
In base 2, what is -111 + 11011000101001010?
11011000101000011
In base 7, what is -102115 + -61630?
-164045
In base 6, what is 341030 + -134002?
203024
In base 3, what is 210 - 2210201202?
-2210200222
In base 14, what is 18b7d + 36a?
19109
In base 15, what is 4 + -9508e26?
-9508e22
In base 12, what is -3a5767 - 16?
-3a5781
In base 12, what is -2 - -32aa7b44?
32aa7b42
In base 12, what is -12b92 - -25741?
1276b
In base 11, what is 0 - -a650a?
a650a
In base 5, what is 10434 + 441411024?
441422013
In base 9, what is -1 + -30242257?
-30242258
In base 11, what is -2166971 - 73?
-2166a34
In base 2, what is -111101000110000011110000 + 101?
-111101000110000011101011
In base 2, what is 10110111011101010 - 1011010100?
10110110000010110
In base 6, what is -3 - -3242255252?
3242255245
In base 5, what is 14030 + -1302223?
-1233143
In base 6, what is 1315345 - 14?
1315331
In base 15, what is -103c6 - -9c?
-10329
In base 3, what is 1011011 - 2100200?
-1012112
In base 7, what is 1101545231 + 14?
1101545245
In base 5, what is -2242303232423 + -1?
-2242303232424
In base 4, what is -3120 + 2103123023?
2103113303
In base 16, what is -59 - bd845?
-bd89e
In base 12, what is -900504 + 5?
-9004bb
In base 10, what is -51445284 + -4?
-51445288
In base 8, what is -10742 - 6261?
-17223
In base 8, what is 337377 + -407?
336770
In base 5, what is 21212322 + 101124?
21314001
In base 3, what is -110000101 + -2100010?
-112100111
In base 8, what is -5 + 13662242?
13662235
In base 7, what is -66 - 3122562?
-3122661
In base 7, what is 41140255 + 0?
41140255
In base 2, what is -100 - 1000011100010000010010001?
-1000011100010000010010101
In base 2, what is -100 - -111001000010000010001111011?
111001000010000010001110111
In base 16, what is 63ad + 280?
662d
In base 8, what is -7644 + -3054?
-12720
In base 12, what is 523280 - 18?
523264
In base 2, what is 10000110 + -111100010101000110?
-111100010011000000
In base 14, what is 368166 + 96?
36821c
In base 12, what is -182707 + 741?
-181b86
In base 11, what is 3493a71 - -2?
3493a73
In base 8, what is -377050 + 162?
-376666
In base 8, what is -540 + -3400746?
-3401506
In base 13, what is 6 + 45b064?
45b06a
In base 13, what is 8 - 3218296?
-321828b
In base 4, what is 22203113022210 + 1?
22203113022211
In base 7, what is -2150304 - 4152?
-2154456
In base 3, what is 122222021112112 - -1?
122222021112120
In base 12, what is 2883 + 95a3?
10266
In base 2, what is -111 + 100000100011010110000111?
100000100011010110000000
In base 9, what is 67624 + 17627?
86352
In base 8, what is -12 - -14147420?
14147406
In base 14, what is d70c - c9a?
c852
In base 3, what is 110020002101 - 111?
110020001220
In base 4, what is 22331121 - 11223?
22313232
In base 13, what is -2c - -26227?
261c8
In base 15, what is -25e - -21cd?
1e6e
In base 12, what is 218610 - 2b?
2185a1
In base 14, what is 2 + -306a86?
-306a84
In base 8, what is -32725375 - -4?
-32725371
In base 12, what is -b3 + -4a730?
-4a823
In base 7, what is 122225 + -13131?
106064
In base 8, what is -35763 - 1733?
-37716
In base 12, what is 1175a2 - 59?
117545
In base 2, what is 101100101011111001 - -11001?
101100101100010010
In base 6, what is 2 - -1441035542?
1441035544
In base 6, what is 23311 - -333430?
401141
In base 12, what is -ab + 71909?
7181a
In base 9, what is 863602 + 5?
863607
In base 4, what is 1111011010302 + 20?
1111011010322
In base 4, what is 20312132 + 33002?
21011200
In base 13, what is 97030 